3324 (base 5) in base 3?
2022100212
132 (base 7) to base 15
4c
51426 (base 10) to base 14
14a54
What is 180 (base 11) in base 6?
545
What is 17280 (base 9) in base 10?
11898
Convert 222232 (base 4) to base 13.
1324
What is -319 (base 15) in base 8?
-1273
What is 1b850 (base 12) in base 5?
2302311
What is -431 (base 14) in base 13?
-4b8
-3c3c (base 15) to base 10
-12882
Convert 2040012 (base 5) to base 10.
33757
Convert -667 (base 13) to base 10.
-1099
-11012211 (base 3) to base 5
-44243
-10311 (base 4) to base 9
-373
What is -10 (base 7) in base 10?
-7
What is -74b1 (base 13) in base 15?
-4bee
What is -1035 (base 11) in base 3?
-1212201
Convert -2133 (base 11) to base 9.
-3772
-4e0 (base 16) to base 8
-2340
What is -13313 (base 5) in base 8?
-2073
12e (base 15) to base 11
225
What is 1b84 (base 12) in base 6?
23444
What is -b1a6 (base 12) in base 4?
-10231032
-21110 (base 4) to base 3
-211002
33011 (base 4) to base 15
445
1303510 (base 6) to base 3
10121010220
Convert -38476 (base 10) to base 4.
-21121030
Convert 1111100000 (base 2) to base 5.
12432
What is 2721 (base 10) in base 3?
10201210
116b (base 12) to base 2
11110100011
Convert -20a (base 16) to base 12.
-376
Convert 3213 (base 7) to base 14.
5b3
What is 1655 (base 7) in base 9?
832
Convert -1b1 (base 13) to base 15.
-15d
Convert -1134342 (base 5) to base 15.
-644c
-21071 (base 10) to base 5
-1133241
What is 3946 (base 14) in base 10?
10058
What is 2120013 (base 4) in base 9?
14316
What is 4131 (base 5) in base 14?
2a9
Convert 32838 (base 10) to base 7.
164511
What is -6740 (base 12) in base 14?
-4240
What is 5469 (base 10) in base 12?
31b9
What is 4072 (base 9) in base 2?
101110100101
-1452 (base 10) to base 9
-1883
Convert 1707 (base 8) to base 15.
447
Convert ecd (base 16) to base 5.
110124
-104565 (base 7) to base 3
-221100010
27ab4 (base 13) to base 9
122867
Convert 626 (base 10) to base 4.
21302
Convert 15474 (base 9) to base 16.
2965
Convert 456 (base 11) to base 9.
665
55883 (base 9) to base 14
d793
Convert 6620 (base 13) to base 8.
33616
What is 1401511 (base 6) in base 14?
206b1
What is 12120 (base 7) in base 14?
1210
What is -7a7 (base 11) in base 16?
-3c4
a8e (base 15) to base 12
1468
Convert -127 (base 8) to base 12.
-73
Convert 2098 (base 11) to base 4.
223101
Convert -220303 (base 4) to base 6.
-20031
Convert -3125 (base 7) to base 3.
-1111122
5 (base 16) to base 7
5
Convert -1ddb (base 14) to base 16.
-156d
What is -1b84 (base 14) in base 11?
-3850
Convert 22000 (base 5) to base 14.
792
Convert 5a2 (base 15) to base 12.
8a5
Convert -21212213 (base 4) to base 8.
-114647
Convert 22111 (base 4) to base 8.
1225
Convert -617 (base 15) to base 3.
-1212211
What is 3 (base 14) in base 7?
3
What is -2994 (base 11) in base 5?
-110404
-327 (base 15) to base 5
-10322
What is -8528 (base 10) in base 14?
-3172
41222 (base 6) to base 13
2660
What is 1eb (base 16) in base 6?
2135
What is 1100112 (base 3) in base 14?
506
What is 8888 (base 10) in base 8?
21270
What is 13081 (base 9) in base 7?
34501
Convert -111111110 (base 2) to base 4.
-13332
-104773 (base 8) to base 6
-431311
3d74 (base 14) to base 7
43504
b97 (base 16) to base 3
11001220
1264 (base 10) to base 7
3454
Convert -5146 (base 8) to base 2.
-101001100110
-321 (base 10) to base 6
-1253
What is -110000011011 (base 2) in base 7?
-12015
163c (base 13) to base 15
e77
Convert -101011111110111 (base 2) to base 8.
-53767
What is 24457 (base 10) in base 8?
57611
What is -476 (base 10) in base 3?
-122122
Convert 101000010 (base 2) to base 11.
273
Convert 1030220 (base 4) to base 6.
34412
Convert -11220103 (base 4) to base 16.
-5a13
Convert -1200200 (base 3) to base 10.
-1233
What is -12202222 (base 3) in base 10?
-4211
Convert 13233 (base 5) to base 11.
891
-1110001111 (base 2) to base 3
-1020202
What is -28d (base 16) in base 9?
-805
Convert 230055 (base 6) to base 15.
5b85
-25054 (base 7) to base 4
-1212130
Convert 3313 (base 5) to base 12.
322
What is -338 (base 12) in base 2?
-111011100
Convert -2ea (base 15) to base 7.
-1645
What is -405 (base 8) in base 16?
-105
Convert 80 (base 9) to base 4.
1020
What is 1664 (base 13) in base 6?
23125
What is -50cb (base 13) in base 10?
-11152
-20130 (base 8) to base 6
-102200
What is -3538a (base 11) in base 8?
-143537
What is -2574 (base 13) in base 12?
-3106
38311 (base 9) to base 3
1022100101
Convert 5277 (base 9) to base 5.
111002
What is -669 (base 14) in base 10?
-1269
-102132 (base 4) to base 14
-606
1063 (base 10) to base 5
13223
What is 612 (base 12) in base 2?
1101101110
What is -6832 (base 14) in base 4?
-10122130
Convert 121443 (base 5) to base 10.
4623
What is -10164 (base 7) in base 2?
-100111000000
-14012 (base 10) to base 8
-33274
Convert 130054 (base 8) to base 14.
12616
11100010010 (base 2) to base 13
a93
Convert 121511 (base 6) to base 9.
15687
-1535 (base 7) to base 10
-614
-a6d (base 14) to base 8
-4011
1e3 (base 15) to base 13
279
Convert -10080 (base 11) to base 13.
-6920
Convert -b83 (base 12) to base 6.
-11443
What is -22372 (base 9) in base 2?
-11101000101000
What is -13424 (base 6) in base 9?
-2787
Convert 79 (base 14) to base 8.
153
Convert -190 (base 14) to base 10.
-322
What is -11200333 (base 4) in base 12?
-110a7
What is -238 (base 12) in base 11?
-282
Convert -474c (base 13) to base 4.
-2130303
59c (base 14) to base 12
792
What is -1336 (base 7) in base 16?
-205
-430442 (base 5) to base 13
-67a2
-406 (base 13) to base 7
-1663
Convert -110010010101 (base 2) to base 9.
-4368
110010110110 (base 2) to base 12
1a72
What is 579d (base 16) in base 12?
10b91
-13532 (base 6) to base 7
-6152
What is -141222 (base 7) in base 6?
-324220
121111112 (base 3) to base 7
50033
-13a2 (base 12) to base 5
-33112
Convert -109c6 (base 16) to base 7.
-402235
What is 7616 (base 10) in base 7?
31130
Convert 16643 (base 7) to base 9.
6505
What is 1378 (base 15) in base 5?
113123
What is b0a3 (base 12) in base 16?
4abb
What is 12032330 (base 4) in base 2?
110001110111100
Convert 306 (base 7) to base 11.
12a
What is -4075 (base 11) in base 2?
-1010100011110
What is -233 (base 6) in base 2?
-1011101
Convert -2188 (base 10) to base 5.
-32223
Convert -1101100000 (base 2) to base 3.
-1012000
-16101 (base 8) to base 2
-1110001000001
Convert -136114 (base 7) to base 5.
-1314003
Convert 404 (base 6) to base 2.
10010100
Convert 79a4 (base 16) to base 4.
13212210
What is 4200 (base 7) in base 9?
2013
What is 605 (base 11) in base 13?
443
Convert 2b4 (base 15) to base 7.
1543
What is b0b8 (base 13) in base 8?
57376
Convert 442 (base 6) to base 10.
170
1245 (base 10) to base 7
3426
Convert 221212021 (base 3) to base 10.
18853
-2110 (base 9) to base 10
-1548
102021211 (base 3) to base 14
2ddc
What is -350 (base 12) in base 6?
-2140
-2001112 (base 3) to base 13
-8b4
Convert -101000110011011 (base 2) to base 6.
-240415
What is 21b69 (base 12) in base 15?
d460
1bd (base 15) to base 8
623
What is -1011032 (base 4) in base 10?
-4430
What is 13627 (base 8) in base 3?
22021200
Convert 1011010111011011 (base 2) to base 8.
132733
1101001 (base 2) to base 7
210
What is -3490 (base 11) in base 8?
-10740
Convert -870 (base 10) to base 11.
-721
Convert -12cc8 (base 14) to base 11.
-31981
-1364 (base 9) to base 10
-1030
-29796 (base 10) to base 7
-152604
Convert 42c0 (base 16) to base 8.
41300
-535342 (base 6) to base 13
-17033
-1031001 (base 4) to base 3
-20202120
-10010010 (base 2) to base 11
-123
What is -3366 (base 10) in base 14?
-1326
What is -212022 (base 4) in base 10?
-2442
-11111100011 (base 2) to base 14
-a43
101100 (base 2) to base 6
112
13cd (base 16) to base 9
6852
Convert -58 (base 13) to base 10.
-73
What is -10000101001100 (base 2) in base 16?
-214c
What is -2ba (base 14) in base 13?
-33a
What is -1938 (base 13) in base 8?
-7265
What is 5532 (base 7) in base 4?
132333
Convert 141210 (base 6) to base 15.
3dd9
Convert 197c (base 16) to base 5.
202044
-10000000 (base 2) to base 13
-9b
Convert -d79 (base 14) to base 11.
-1aa4
What is 101111011100 (base 2) in base 3?
11011110
2412 (base 16) to base 9
13600
What is -1241203 (base 5) in base 6?
-305401
What is -232400 (base 6) in base 8?
-47060
Convert -58d (base 14) to base 12.
-781
Convert 201020221 (base 3) to base 7.
55633
What is 13a4 (base 1